 -4e (base 15) in base 16?
-4a
What is -5 (base 8) in base 14?
-5
-1 (base 12) to base 3
-1
Convert -32 (base 4) to base 7.
-20
What is 17 (base 10) in base 13?
14
What is 4 (base 12) in base 6?
4
What is -5 (base 8) in base 11?
-5
What is 315 (base 6) in base 16?
77
Convert 1 (base 14) to base 12.
1
Convert 10211 (base 4) to base 15.
148
What is 0 (base 14) in base 10?
0
Convert -160 (base 9) to base 8.
-207
Convert 7 (base 10) to base 11.
7
What is b (base 13) in base 7?
14
Convert -77 (base 10) to base 7.
-140
Convert 0 (base 16) to base 14.
0
Convert -a (base 11) to base 5.
-20
What is 2 (base 16) in base 9?
2
Convert 79 (base 12) to base 3.
10110
Convert -e (base 16) to base 14.
-10
-135 (base 9) to base 4
-1301
2 (base 15) to base 7
2
What is -9 (base 10) in base 15?
-9
10 (base 4) to base 15
4
What is -1 (base 15) in base 11?
-1
What is -3 (base 10) in base 4?
-3
-1011 (base 2) to base 9
-12
What is -10 (base 9) in base 14?
-9
What is -133 (base 6) in base 7?
-111
-230 (base 4) to base 7
-62
-16 (base 8) to base 9
-15
Convert -85 (base 14) to base 9.
-140
1a (base 16) to base 15
1b
-1 (base 5) to base 3
-1
What is 53 (base 9) in base 12?
40
Convert -13 (base 5) to base 10.
-8
4 (base 5) to base 14
4
-2 (base 15) to base 14
-2
What is 2 (base 6) in base 8?
2
1000 (base 2) to base 5
13
102 (base 3) to base 10
11
Convert -1 (base 7) to base 10.
-1
-4 (base 12) to base 10
-4
What is -113 (base 6) in base 9?
-50
-4 (base 5) to base 16
-4
Convert -45 (base 15) to base 4.
-1001
What is -2 (base 10) in base 5?
-2
Convert -11 (base 2) to base 9.
-3
Convert -100 (base 6) to base 9.
-40
Convert -22 (base 7) to base 6.
-24
What is -100122 (base 3) in base 6?
-1112
Convert 241 (base 6) to base 10.
97
Convert 121 (base 6) to base 14.
37
Convert 3 (base 4) to base 11.
3
-11 (base 2) to base 15
-3
-21100 (base 3) to base 16
-c6
What is 8 (base 15) in base 9?
8
Convert 2 (base 7) to base 5.
2
Convert -11 (base 4) to base 13.
-5
-3a (base 12) to base 14
-34
6 (base 10) to base 8
6
Convert -22 (base 15) to base 10.
-32
Convert -31 (base 10) to base 7.
-43
Convert -201 (base 3) to base 15.
-14
What is -31 (base 4) in base 15?
-d
-2 (base 3) to base 8
-2
Convert -5 (base 14) to base 8.
-5
What is -77 (base 11) in base 2?
-1010100
Convert -300 (base 4) to base 15.
-33
Convert -2311 (base 5) to base 13.
-1c6
What is -55 (base 11) in base 4?
-330
2 (base 14) to base 6
2
What is 22 (base 5) in base 8?
14
1 (base 11) to base 6
1
What is -3 (base 12) in base 4?
-3
What is 2 (base 8) in base 3?
2
Convert -89 (base 10) to base 12.
-75
What is -b5 (base 15) in base 11?
-145
120 (base 12) to base 8
250
1222 (base 6) to base 10
302
-7 (base 13) to base 10
-7
Convert -3000 (base 4) to base 9.
-233
Convert -3 (base 8) to base 7.
-3
What is 111110 (base 2) in base 8?
76
-1b9 (base 14) to base 2
-101100111
241 (base 10) to base 9
287
Convert 2 (base 14) to base 11.
2
30 (base 6) to base 4
102
What is 222 (base 3) in base 4?
122
-1101 (base 2) to base 13
-10
Convert 0 (base 6) to base 3.
0
What is -101 (base 14) in base 4?
-3011
What is 21 (base 12) in base 11?
23
71 (base 15) to base 2
1101010
Convert -40 (base 5) to base 15.
-15
Convert -4 (base 12) to base 4.
-10
What is 1 (base 14) in base 9?
1
10010 (base 3) to base 10
84
What is 7 (base 13) in base 4?
13
Convert 18 (base 10) to base 2.
10010
What is -1044 (base 6) in base 2?
-11110100
What is 110111 (base 2) in base 16?
37
345 (base 6) to base 9
162
Convert -21 (base 8) to base 14.
-13
-28 (base 11) to base 12
-26
Convert 71 (base 11) to base 16.
4e
Convert -21 (base 6) to base 2.
-1101
Convert 51 (base 11) to base 8.
70
What is -111 (base 2) in base 8?
-7
Convert 10 (base 5) to base 16.
5
Convert 5 (base 10) to base 12.
5
What is -4 (base 14) in base 5?
-4
-21022 (base 3) to base 7
-401
Convert 20 (base 6) to base 9.
13
What is 7 (base 16) in base 2?
111
-134 (base 5) to base 8
-54
-6 (base 9) to base 6
-10
Convert 310 (base 10) to base 13.
1ab
What is 1001 (base 3) in base 11?
26
What is 1 (base 5) in base 16?
1
What is -222 (base 12) in base 3?
-102122
30 (base 6) to base 13
15
Convert -b2 (base 16) to base 4.
-2302
4 (base 10) to base 9
4
What is 2 (base 3) in base 8?
2
-10101 (base 2) to base 10
-21
Convert 142 (base 6) to base 2.
111110
What is 34 (base 5) in base 15?
14
What is -11 (base 4) in base 8?
-5
-2 (base 4) to base 8
-2
-1 (base 4) to base 13
-1
What is 1 (base 9) in base 11?
1
2 (base 3) to base 10
2
Convert 6 (base 15) to base 8.
6
Convert 138 (base 11) to base 14.
b8
-3 (base 12) to base 5
-3
What is -100012 (base 3) in base 15?
-118
2 (base 10) to base 8
2
What is -3 (base 7) in base 5?
-3
104 (base 11) to base 8
175
Convert 3 (base 11) to base 16.
3
11 (base 2) to base 6
3
Convert 101 (base 4) to base 12.
15
12 (base 5) to base 13
7
What is -2 (base 4) in base 12?
-2
What is 231 (base 9) in base 8?
276
What is 3 (base 4) in base 12?
3
-400 (base 7) to base 15
-d1
1 (base 6) to base 5
1
What is b (base 14) in base 5?
21
54 (base 7) to base 2
100111
Convert -f (base 16) to base 7.
-21
3 (base 4) to base 3
10
-1314 (base 6) to base 9
-411
What is 220 (base 3) in base 13?
1b
What is 1022 (base 5) in base 10?
137
-2 (base 9) to base 12
-2
Convert 1200 (base 4) to base 10.
96
-2 (base 10) to base 16
-2
-97 (base 16) to base 5
-1101
6 (base 8) to base 16
6
Convert -7 (base 14) to base 6.
-11
12 (base 5) to base 15
7
Convert -5 (base 10) to base 5.
-10
Convert -1 (base 7) to base 10.
-1
Convert 5 (base 15) to base 3.
12
What is 21 (base 8) in base 16?
11
What is 1 (base 3) in base 6?
1
5 (base 13) to base 6
5
What is -40 (base 13) in base 14?
-3a
Convert -32 (base 4) to base 15.
-e
-46 (base 8) to base 14
-2a
What is -111 (base 7) in base 3?
-2010
What is -1 (base 2) in base 4?
-1
Convert e (base 16) to base 10.
14
-16 (base 10) to base 2
-10000
-1b (base 12) to base 2
-10111
-33 (base 4) to base 6
-23
Convert 100 (base 10) to base 8.
144
Convert -8 (base 13) to base 14.
-8
What is 32 (base 9) in base 6?
45
8 (base 14) to base 16
8
-3 (base 7) to base 8
-3
Convert 2 (base 8) to base 3.
2
-2 (base 10) to base 15
-2
10 (base 8) to base 5
13
What is 3 (base 5) in base 2?
11
Convert 24a (base 12) to base 7.
1003
Convert 5 (base 6) to base 5.
10
-2 (base 4) to base 16
-2
What is -10 (base 2) in base 10?
-2
What is 101 (base 4) in base 9?
18
Convert -22 (base 11) to base 15.
-19
-2 (base 3) to base 10
-2
111 (base 4) to base 12
19
What is -3 (base 14) in base 6?
-3
Convert 1000 (base 2) to base 8.
10
1 (base 13) to base 9
1
-3 (base 11) to base 16
-3
Convert -6 (base 7) to base 13.
-6
What is b6 (base 13) in base 11?
126
Convert 22 (base 4) to base 14.
a
What is 1 (base 14) in base 16?
1
What is 102 (base 4) in base 14?
14
What is -130 (base 8) in base 9?
-107
Convert 81 (base 14) to base 6.
305
What is 4 (base 6) in base 5?
4
What is 1 (base 15) in base 4?
1
What is -4 (base 9) in base 8?
-4
What is -62 (base 8) in base 16?
-32
Convert -23 (base 4) to base 7.
-14
What is 62 (base 16) in base 13?
77
Convert 6c (base 15) to base 9.
123
162 (base 9) to base 11
115
Convert -2 (base 15) to base 13.
-2
Convert 101000 (base 2) to base 12.
34
What is -345 (base 6) in base 2?
-10001001
-21 (base 3) to base 2
-111
What is -220 (base 3) in base 7?
-33
6 (base 15) to base 4
12
102 (base 4) to base 16
12
-24 (base 5) to base 15
-e
What is -34 (base 6) in base 11?
-20
b (base 15) to base 12
b
24 (base 13) to base 7
42
What is -257 (base 8) in base 16?
-af
What is -1001010 (base 2) in base 14?
-54
Convert -101010 (base 2) to base 12.
-36
45 (base 10) to base 2
101101
What is -186 (base 10) in base 14?
-d4
Convert b5 (base 15) to base 2.
10101010
49 (base 15) to base 2
1000101
What is 5 (base 13) in base 15?
5
What is -20 (base 8) in base 15?
-11
-113 (base 8) to base 7
-135
Convert -311 (base 4) to base 10.
-53
What is -11 (base 10) in base 8?
-13
Convert -6 (base 16) to base 6.
-10
What is -6 (base 13) in base 6?
-10
What is -3 (base 9) in base 8?
-3
1 (base 11) to base 5
1
Convert 2 (base 10) to base 15.
2
Convert 10 (base 3) to base 5.
3
Convert -1b (base 13) to base 7.
-33
132 (base 4) to base 12
26
10a (base 14) to base 3
21122
What is -57 (base 8) in base 3?
-1202
Convert -18 (base 9) to base 11.
-16
Convert -3 (